12
Calculate -9 - (0 + -2 + -28 + 35 + -29).
15
Evaluate 5 + -4 + (-3 - 10) + 13 + -23.
-22
Evaluate 7 - (-1 - 2) - (-45 - (-44 - -15)).
26
Calculate 3 + -9 + 4 + 2 + 4.
4
Calculate -41 + 32 - (3 - 2 - 27).
17
What is 3 + -5 + -13 + 2?
-13
What is the value of (2 - (9 + 9) - -8) + -6 + 3?
-11
Evaluate (2 - (-1 - 3)) + (71 - 47 - 21).
9
-5 + (-7 - (12 - 6 - 3))
-15
Evaluate 430 - 421 - (13 - -1).
-5
What is 32 + (-2 - ((9 - 1) + 3))?
19
What is the value of (-11 - -4) + 12 + 7 - -3?
15
Evaluate (30 - 27) + (5 - 2) + 15.
21
-4 + 16 + -8 + -3 + 7
8
16 - (10 + -1 + (-4 - 2))
13
(0 - (7 - 12 - 1)) + 5 + 1
12
Calculate (-252 + 245 - (-2 - (-3 + 3))) + 31.
26
What is -41 - (-25 - (12 + -22))?
-26
Calculate 17 - (24 + -20 + (-12 - 1) - -10).
16
What is the value of 12 - (15 - 7) - 22?
-18
What is (-45 - (0 + -42)) + 0 + -4 + -1?
-8
What is 6 - (9 - (-9 + 11 + -14))?
-15
Calculate -17 + -12 + -11 + 34 + 11.
5
Evaluate (-3 + 2 - -10 - 14) + (2 - 23).
-26
Evaluate -4 - (-9 + 4 + -3).
4
What is 113 - 158 - (-1 - 22)?
-22
What is the value of (-8 - -26) + -12 - 16?
-10
-2 + -6 + 1 + 3 + -1
-5
Evaluate 1 + 1 + 0 + (5 - (3 + 9)).
-5
Calculate -7 + (-6 - 8 - -8).
-13
Evaluate 1 + 1 + (18 - (-12 - -21)).
11
What is 2 + 8 + -17 + 19?
12
(-17 - -30 - 19) + 25
19
Evaluate (-1 - -16) + -71 + 68.
12
What is (-24 - 14 - -18) + (3 - 9)?
-26
What is the value of -11 + 3 - (3 - (-2 + 6) - 12)?
5
What is (4 + -4 - 2) + -30 + 9?
-23
Evaluate -7 + (-3 - (-2 + -7 + 3) - 0).
-4
What is 8 + -1 + (-14 + 5 - -3)?
1
What is the value of 6 + -8 + -6 - (-106 - -71)?
27
Calculate (41 - 38) + (2 - 6 - (1 + -3)).
1
Evaluate 9 + -13 + -11 + 55.
40
What is the value of 18 + (-24 - -13) + 6?
13
What is -10 + (1 + -5 + 5 - -4) + -7?
-12
Evaluate (-13 - (-12 - (13 - 9))) + 21.
24
What is 10 + (10 - (-10 + 41)) - 3?
-14
29 - (16 + 14 - 19)
18
Evaluate -8 - (3 + -8 - 0) - (3 + -20).
14
What is (0 + 2 - -5) + 122 + -135?
-6
Calculate 6 + 38 + (-7 - 25).
12
What is (0 + 2 - -7) + (-20 - -19)?
8
What is the value of (10 - (-12 + 0 + 26)) + -1 + 12?
7
Calculate -19 + 32 - (15 + -2).
0
18 + (3 - (10 + 7 + -1) - -9)
14
(-126 - -106) + 1 + 4
-15
Calculate -5 + 1 + -24 + 5 + -4.
-27
What is the value of (-12 - -1 - (-66 + 45)) + -24?
-14
2 - ((9 - 0) + -9) - (3 + 6)
-7
Evaluate 4 - (3 + (-1 - -3) - (-11 - 0)).
-12
Calculate -15 - (-10 + (32 - 4)).
-33
Calculate 7 + -1 + -1 + (58 - 59).
4
Calculate (-6 - (11 + -12 - (0 - -1))) + 8.
4
(12 + -16 + 1 - (3 - 6)) + -6
-6
-5 + 19 - (-1 - (-4 + (-7 - -7)))
11
Calculate -10 + 2 - (-13 + 9 + -3).
-1
What is -10 + -1 + 3 + (7 - (-2 + 7))?
-6
Calculate 9 - (-3 + (7 - -3 - 6) + 29).
-21
Calculate (2 - (-17 - -10)) + 2 + -23.
-12
Calculate 0 + -8 + -10 - -4 - -9.
-5
Calculate -8 + 2 - (2 + -4 + 14 + -28).
10
Calculate -35 + 27 - (-17 + 0) - (-2 - -4).
7
Evaluate 8 + 4 + -8 + -9 - (27 + -6).
-26
Evaluate ((2 - -7) + 6 - 7) + -9.
-1
What is the value of 8 + 22 + -15 + -20?
-5
Calculate -2 + (2 + 7 - (-16 - -31)).
-8
What is 4 - (-21 + 20 + -4)?
9
What is -7 - (16 - (14 - -13))?
4
What is the value of -7 + -4 - (0 + (-6 - 0) + 3)?
-8
What is the value of (-9 - ((-2 - -8) + -5)) + 18?
8
Evaluate -1 + -3 + -31 + 29 + (-5 - -18).
7
Calculate 204 + -197 - (2 - 3 - -3).
5
Calculate -16 - -7 - (3 + -21 + -11).
20
Evaluate 96 + -5 - 42 - 18.
31
Calculate 0 + 11 - (2 - 0 - 12 - -15).
6
Calculate 0 + -6 + (-4 - 1) + -5 + 8.
-8
Evaluate -4 - 7 - (-29 - -27).
-9
What is the value of 0 + 3 + (-3 - 2) + 4?
2
Calculate (-24 - -31) + (-9 - 3) + 13.
8
Calculate (24 - -7) + (-53 - 9).
-31
Calculate 0 + -3 - (413 - 418).
2
Evaluate (1 - (15 - 62) - 9) + -14.
25
-1 + (-6 - (-5 - -6)) + -3
-11
Evaluate (3 - -1) + -9 + -8 + (-5 - -45).
27
-15 - 3 - -3 - (-438 - -446)
-23
(-20 - (12 - 33)) + (1 + -6 - -5)
1
What is the value of (1 - -37) + (757 - 782)?
13
Evaluate (-25 - 1) + -18 + 11 + 10 + -6.
-29
What is -16 + (25 - (-18 + 38))?
-11
45 + -7 + -11 - 33
-6
What is 3 - 7 - (-13 + -7)?
16
What is 6 - (-5 + (31 - (-3 - -1)) + -7)?
-15
What is 14 + (0 - 7 - (8 - (5 + 15)))?
19
Calculate (16 - 35) + 3 - (-5 + 2).
-13
Calculate (-3 + -12 - -10) + -22 - -6.
-21
15 - (30 + (11 - 24))
-2
What is the value of (-8 - (3 - 0) - -2) + -153 + 174?
12
Evaluate (-10 - -5) + -1 + -1.
-7
What is 2 - -5 - (-7 + 18) - -33?
29
What is the value of -18 - -2 - (4 - (-11 - -17))?
-14
What is the value of -28 + 14 + 0 + (-4 - -3)?
-15
254 - 272 - (0 - 13)
-5
What is the value of 20 + -11 + (-7 - -11)?
13
Calculate (20 - (-2 + -2 - -12)) + 8.
20
Calculate 9 + 3 + -13 + -5.
-6
Evaluate (-7 - -6) + (3 - (1 + -1)).
2
Evaluate -33 + 1 - (554 + -570).
-16
What is the value of -3 + -3 + 6 - 14?
-14
Evaluate 1 - -11 - (10 + 9).
-7
Calculate 2 + (-10 + 12 - -5) + -5.
4
Calculate (-8 - 1 - -6) + (-13 + -1 - -5).
-12
2 - (-14 - -12 - (-3 + (-3 - -4)))
2
What is -8 + -18 + -8 + 8?
-26
What is the value of 8 + -14 + 5 + 2?
1
What is the value of 17 + -12 - (4 + 7) - 5?
-11
What is the value of 6 - (1 - 57) - 45?
17
Calculate (-2 - (-1 - 8)) + (311 - 331).
-13
Calculate 12 + -2 + -2 - (-47 + 32 + 18).
5
Calculate 33 + (2 - (20 + 39)).
-24
What is 1 - 2 - (251 + -239)?
-13
What is the value of 1617 + -1608 - ((-14 - 2) + -2 + -2)?
29
What is (-6 - 0) + (-2 - 1 - (-3 - 8))?
2
What is the value of 2 + -2 - (3 + 5 + (2 - 2))?
-8
Calculate 8 - -3 - 13 - (-18 - -3).
13
Evaluate -3 + 2 + (-7 - (-5 - -4)) + 18.
11
Evaluate 39 - 56 - -56 - 13.
26
-7 + (11 + -13 - -2) - -3
-4
(-1 - (-6 + (6 - 1))) + 10 - 3
7
What is 16 + (23 - 25 - 17)?
-3
Evaluate 69 + -37 + (-44 - -15).
3
Calculate -1 + (6 - 8 - (-7 - (-1 + -4))).
-1
Evaluate 26 + -18 + -10 + 4.
2
Calculate (4 - 8 - -37) + -263 + 255.
25
25 - (5 + -8 + 15)
13
Evaluate (18 - (-5 - 24)) + -18.
29
What is the value of 26 + 12 - -2 - 16?
24
What is the value of 13 + -26 + 32 + 14 + -4 + 1?
30
(2 - (16 + -3)) + (-26 - -27) + -2
-12
What is 3 - (45 - (-24 + 48))?
-18
(-3 - -2) + -250 + 270
19
What is (-8 + 0 - (-64 - -58)) + 8?
6
Evaluate (-4 - (-3 + -2)) + 63 + -95.
-31
What is the value of (-80 - -6 - -25) + 36?
-13
Evaluate -2 + 8 + (-29 + 11 - -21) + 8.
17
Calculate -7 + -4 + (-78 - -100).
11
Evaluate 8 + -20 + 42 + (9 - 8).
31
Evaluate (-7 - -12 - -17 - 10 - 5) + 19.
26
-1265 + 1274 + (-26 - 1)
-18
What is the value of -24 + (6 - -6) + (7 - 3)?
-8
(1 - -25) + (-2 - -3) - (-22 + 28)
21
What is 6 - (-1 + 47 - 36)?
-4
Calculate 0 - -4 - (4 - (-5 + 2)) - 0.
-3
Calculate -6 + -2 - ((5 - 9 - -11) + -23).
8
Calculate -3 + -4 + (4 - 5) + -3 + 29.
18
(6 - (16 - -19)) + 3 + 5
-21
What is the value of (-4 - 0) + -1 - (-1 - 1) - 7?
-10
9 + (-10 - -18) + -18
-1
Evaluate 7 - (27 - (-5 - -15)).
-10
Evaluate (5 - 1) + -38 + (-137 - -133).
-38
14 + 7 + -37 + 18
2
Evaluate (10 - -4) + (30 - (17 + 31)).
-4
16 + (4 - 49 - (-24 - -7))
-12
What is the value of 0 - (-10 + 1 - -5 - (-22 + -2))?
-20
Calculate 11 - (12 - (-15 + 20)).
4
-1 - 7 - (12 + 8 + -1)
-27
8 - (21 + -3 - 5) - 3
-8
17 + -13 + 4 + -9 - (-1 + -8)
8
What is (43 - -1 - 36) + -7?
1
What is the value of 18 - ((122 - 116) + (-10 - 0))?
22
What is the value of 7 + -2 + -43 + (33 - 39) + 4?
-40
What is the value of -4 + (6 - 1) + 15 + -28?
-12
Calculate 273 + -240 + 3 + -15.
21
Calculate 9 - (20 - 19) - (-3 - -14).
-3
Calculate 1 + (-5 - (-16 + 26)).
-14
Calculate 9 + -10 - ((9 + 3 - 3) + -5).
-5
Calculate (1 + 0 - 4) + 7 + (-16 - -20).
8
0 + -5 - (-4 + (-19 - -19) + 10)
-11
Evaluate (-17 - (-38 + 20)) + 5.
6
-10 + 10 - (3 - (0 - -11))
8
(8 + -1 - (-32 - (-74 - -40))) + 0
5
Calculate (0 - -15) + -19 + 19 + -19 + 17.
13
What is the value of -2 - 2 - (6 + (-9 - -8) + -5)?
-4
-4 - (0 + 1 + 4 - (-9 - -5))
-13
(-2 - -18) + (192 - 211)
-3
Evaluate (4 - 2 - (7 - 4)) + 1.
0
What is the value of 0 + -14 + (-18 - (12 + -19)) + 12?
-13
What is 28 + 7 + -7 + -26?
2
Calculate (-2 - ((-12 - (-5 - 0)) + 4)) + -3.
-2
What is 9 - (-3 + 1 + (15 - (21 + -5)))?
12
Evaluate -1 - -8 - (-11 - (-13 - (13 - 19))).
11
What is the value of 16 - (6 + (10 - 8) + -3)?
11
What is the value of (-2 + 2 + 1 - 5) + 3?
-1
What is 25 - 44 - -23 - (0 - 1)?
5
What is the value of (-30 - -4) + 3 - (-23 - (-34 - -17))?
-17
What is -14 - (9 + 2 + (34 - 66))?
7
What is (3 - -8 - 4) + 1 - 2?
6
What is (11 - 20 - -10 - 11) + 7?
-3
What is (77 - 44 - (0 - (-9 + 1))) + -10?
15
Calculate